{"id":1655,"date":"2023-06-11T20:40:31","date_gmt":"2023-06-11T20:40:31","guid":{"rendered":"https:\/\/www.donacamaydoncolchon.com\/inicio\/?page_id=1655"},"modified":"2023-07-06T13:27:39","modified_gmt":"2023-07-06T13:27:39","slug":"00-colchones-y-bases","status":"publish","type":"page","link":"https:\/\/www.donacamaydoncolchon.com\/inicio\/00-colchones-y-bases\/","title":{"rendered":"Colchones y bases"},"content":{"rendered":"\n<div class=\"carousel-slider-outer carousel-slider-outer-image-carousel carousel-slider-outer-1542\" style=\"--carousel-slider-nav-color:#f1f1f1;--carousel-slider-active-nav-color:#00d1b2;--carousel-slider-arrow-size:48px;--carousel-slider-bullet-size:10px\">\n<div id=\"&#039;id-1542\" class=\"carousel-slider carousel-slider-1542 arrows-visibility-never dots-visibility-never arrows-inside dots-center dots-circle owl-carousel\" data-slide-type=\"image-carousel\" data-owl-settings='{\"nav\":false,\"dots\":false,\"slideBy\":1,\"stagePadding\":0,\"margin\":5,\"loop\":true,\"lazyLoad\":false,\"autoplay\":true,\"autoplayTimeout\":6000,\"autoplaySpeed\":600,\"autoplayHoverPause\":true,\"autoWidth\":false,\"responsive\":{\"300\":{\"items\":3},\"576\":{\"items\":4},\"768\":{\"items\":5},\"1024\":{\"items\":6},\"1280\":{\"items\":6},\"1536\":{\"items\":6}}}'>\n<div class=\"carousel-slider__item\">\n\t<a href=\"https:\/\/www.donacamaydoncolchon.com\/inicio\/salas\/\" target=\"_self\"><img width=\"150\" height=\"70\" src=\"https:\/\/www.donacamaydoncolchon.com\/inicio\/wp-content\/uploads\/2023\/06\/azul1.png\" class=\"attachment-full size-full\" alt=\"\" decoding=\"async\" loading=\"lazy\" \/><\/a><\/div>\n\n<div class=\"carousel-slider__item\">\n\t<a href=\"https:\/\/www.donacamaydoncolchon.com\/inicio\/comedores\/\" target=\"_self\"><img width=\"150\" height=\"70\" src=\"https:\/\/www.donacamaydoncolchon.com\/inicio\/wp-content\/uploads\/2023\/06\/ul3.png\" class=\"attachment-full size-full\" alt=\"\" decoding=\"async\" loading=\"lazy\" \/><\/a><\/div>\n\n<div class=\"carousel-slider__item\">\n\t<a href=\"https:\/\/www.donacamaydoncolchon.com\/inicio\/00-recamaras\/\" target=\"_self\"><img width=\"150\" height=\"70\" src=\"https:\/\/www.donacamaydoncolchon.com\/inicio\/wp-content\/uploads\/2023\/06\/azul4.png\" class=\"attachment-full size-full\" alt=\"\" decoding=\"async\" loading=\"lazy\" \/><\/a><\/div>\n\n<div class=\"carousel-slider__item\">\n\t<a href=\"https:\/\/www.donacamaydoncolchon.com\/inicio\/colchones\/\" target=\"_self\"><img width=\"150\" height=\"70\" src=\"https:\/\/www.donacamaydoncolchon.com\/inicio\/wp-content\/uploads\/2023\/06\/ul2.png\" class=\"attachment-full size-full\" alt=\"\" decoding=\"async\" loading=\"lazy\" \/><\/a><\/div>\n\n<div class=\"carousel-slider__item\">\n\t<a href=\"https:\/\/www.donacamaydoncolchon.com\/inicio\/00-centro-de-entretenimiento-y-portaplasmas\/\" target=\"_self\"><img width=\"150\" height=\"70\" src=\"https:\/\/www.donacamaydoncolchon.com\/inicio\/wp-content\/uploads\/2023\/06\/azul6.png\" class=\"attachment-full size-full\" alt=\"\" decoding=\"async\" loading=\"lazy\" \/><\/a><\/div>\n\n<div class=\"carousel-slider__item\">\n\t<a href=\"https:\/\/www.donacamaydoncolchon.com\/inicio\/00-complementa-tu-espacio\/\" target=\"_self\"><img width=\"150\" height=\"70\" src=\"https:\/\/www.donacamaydoncolchon.com\/inicio\/wp-content\/uploads\/2023\/06\/azul7.png\" class=\"attachment-full size-full\" alt=\"\" decoding=\"async\" loading=\"lazy\" \/><\/a><\/div>\n\n<\/div><!-- .carousel-slider-1542 -->\n<\/div><!-- .carousel-slider-outer-1542 -->\n\n\n\n\n<div class=\"wp-block-uagb-separator uagb-block-85bd09c0\"><div class=\"wp-block-uagb-separator__inner\" style=\"--my-background-image:\"><\/div><\/div>\n\n\n\n<div class=\"wp-block-columns is-layout-flex wp-container-3\">\n<div class=\"wp-block-column is-layout-flow\" style=\"flex-basis:66.66%\">\n<div class=\"wp-block-uagb-image uagb-block-b47e3e86 wp-block-uagb-image--layout-default wp-block-uagb-image--effect-static wp-block-uagb-image--align-none\"><figure class=\"wp-block-uagb-image__figure\"><img decoding=\"async\" srcset=\"https:\/\/www.donacamaydoncolchon.com\/inicio\/wp-content\/uploads\/2023\/06\/1-colchon-gabbana-1.35-1024x683.png \" sizes=\"(max-width: 480px) 150px\" src=\"https:\/\/www.donacamaydoncolchon.com\/inicio\/wp-content\/uploads\/2023\/06\/1-colchon-gabbana-1.35-1024x683.png\" alt=\"\" class=\"uag-image-2675\" width=\"1024\" height=\"683\" title=\"\" loading=\"lazy\"\/><\/figure><\/div>\n<\/div>\n\n\n\n<div class=\"wp-block-column is-layout-flow\" style=\"flex-basis:33.33%\">\n<h3 class=\"wp-block-heading has-text-align-center has-ast-global-color-4-color has-text-color has-large-font-size\">Colch\u00f3n gabBana<\/h3>\n\n\n\n<div class=\"wp-block-uagb-info-box uagb-block-46a1bb42 uagb-infobox__content-wrap  uagb-infobox-icon-above-title uagb-infobox-image-valign-top\"><div class=\"uagb-ifb-content\"><div class=\"uagb-ifb-title-wrap\"><h6 class=\"uagb-ifb-title\"><strong>Colch\u00f3n de 1.00 m<\/strong>etro \u00f3 Individual<\/h6><\/div><p class=\"uagb-ifb-desc\">Precio: $9, 060.00<\/p><div class=\"uagb-ifb-separator\"><\/div><\/div><\/div>\n\n\n\n<div class=\"wp-block-uagb-info-box uagb-block-6aff06e3 uagb-infobox__content-wrap  uagb-infobox-icon-above-title uagb-infobox-image-valign-top\"><div class=\"uagb-ifb-content\"><div class=\"uagb-ifb-title-wrap\"><h6 class=\"uagb-ifb-title\">Colch\u00f3n de 1.35 metro \u00f3 matrimonial<\/h6><\/div><p class=\"uagb-ifb-desc\">Precio: $10, 640.00<\/p><div class=\"uagb-ifb-separator\"><\/div><\/div><\/div>\n\n\n\n<div class=\"wp-block-uagb-info-box uagb-block-09279cef uagb-infobox__content-wrap  uagb-infobox-icon-above-title uagb-infobox-image-valign-top\"><div class=\"uagb-ifb-content\"><div class=\"uagb-ifb-title-wrap\"><h6 class=\"uagb-ifb-title\">Colch\u00f3n QS<\/h6><\/div><p class=\"uagb-ifb-desc\">Precio: $12, 230.00<\/p><div class=\"uagb-ifb-separator\"><\/div><\/div><\/div>\n\n\n\n<div class=\"wp-block-uagb-info-box uagb-block-95455f05 uagb-infobox__content-wrap  uagb-infobox-icon-above-title uagb-infobox-image-valign-top\"><div class=\"uagb-ifb-content\"><div class=\"uagb-ifb-title-wrap\"><h6 class=\"uagb-ifb-title\">Colch\u00f3n KS<\/h6><\/div><p class=\"uagb-ifb-desc\">Precio: $17, 260.00<\/p><div class=\"uagb-ifb-separator\"><\/div><\/div><\/div>\n<\/div>\n<\/div>\n\n\n\n<div class=\"wp-block-uagb-separator uagb-block-c0718eda\"><div class=\"wp-block-uagb-separator__inner\" style=\"--my-background-image:\"><\/div><\/div>\n\n\n\n<div class=\"wp-block-columns is-layout-flex wp-container-6\">\n<div class=\"wp-block-column is-layout-flow\" style=\"flex-basis:66.66%\">\n<div class=\"wp-block-uagb-image uagb-block-6be271a5 wp-block-uagb-image--layout-default wp-block-uagb-image--effect-static wp-block-uagb-image--align-none\"><figure class=\"wp-block-uagb-image__figure\"><img decoding=\"async\" srcset=\"https:\/\/www.donacamaydoncolchon.com\/inicio\/wp-content\/uploads\/2023\/06\/7-colchon-silver-1.35-1.png \" sizes=\"(max-width: 480px) 150px\" src=\"https:\/\/www.donacamaydoncolchon.com\/inicio\/wp-content\/uploads\/2023\/06\/7-colchon-silver-1.35-1.png\" alt=\"\" class=\"uag-image-2690\" width=\"562\" height=\"360\" title=\"\" loading=\"lazy\"\/><\/figure><\/div>\n<\/div>\n\n\n\n<div class=\"wp-block-column is-layout-flow\" style=\"flex-basis:33.33%\">\n<h3 class=\"wp-block-heading has-text-align-center has-ast-global-color-4-color has-text-color has-large-font-size\">Colch\u00f3n Silver<\/h3>\n\n\n\n<div class=\"wp-block-uagb-info-box uagb-block-9c3e4205 uagb-infobox__content-wrap  uagb-infobox-icon-above-title uagb-infobox-image-valign-top\"><div class=\"uagb-ifb-content\"><div class=\"uagb-ifb-title-wrap\"><h6 class=\"uagb-ifb-title\"><strong>Colch\u00f3n de 1.00 metro \u00f3 Individual<\/strong><\/h6><\/div><p class=\"uagb-ifb-desc\">Precio: $6, 660.00<\/p><div class=\"uagb-ifb-separator\"><\/div><\/div><\/div>\n\n\n\n<div class=\"wp-block-uagb-info-box uagb-block-05306245 uagb-infobox__content-wrap  uagb-infobox-icon-above-title uagb-infobox-image-valign-top\"><div class=\"uagb-ifb-content\"><div class=\"uagb-ifb-title-wrap\"><h6 class=\"uagb-ifb-title\">Colch\u00f3n de 1.35 metro \u00f3 matrimonial<\/h6><\/div><p class=\"uagb-ifb-desc\">Precio: $7,840.00<\/p><div class=\"uagb-ifb-separator\"><\/div><\/div><\/div>\n\n\n\n<div class=\"wp-block-uagb-info-box uagb-block-89cd6905 uagb-infobox__content-wrap  uagb-infobox-icon-above-title uagb-infobox-image-valign-top\"><div class=\"uagb-ifb-content\"><div class=\"uagb-ifb-title-wrap\"><h6 class=\"uagb-ifb-title\">Colch\u00f3n QS<\/h6><\/div><p class=\"uagb-ifb-desc\">Precio: $9, 380.00<\/p><div class=\"uagb-ifb-separator\"><\/div><\/div><\/div>\n\n\n\n<div class=\"wp-block-uagb-info-box uagb-block-dbf42ff0 uagb-infobox__content-wrap  uagb-infobox-icon-above-title uagb-infobox-image-valign-top\"><div class=\"uagb-ifb-content\"><div class=\"uagb-ifb-title-wrap\"><h6 class=\"uagb-ifb-title\">Colch\u00f3n KS<\/h6><\/div><p class=\"uagb-ifb-desc\">Precio: $12, 650.00<\/p><div class=\"uagb-ifb-separator\"><\/div><\/div><\/div>\n<\/div>\n<\/div>\n\n\n\n<div class=\"wp-block-uagb-separator uagb-block-133486b1\"><div class=\"wp-block-uagb-separator__inner\" style=\"--my-background-image:\"><\/div><\/div>\n\n\n\n<div class=\"wp-block-columns is-layout-flex wp-container-9\">\n<div class=\"wp-block-column is-layout-flow\" style=\"flex-basis:66.66%\">\n<div class=\"wp-block-uagb-image uagb-block-abc7f172 wp-block-uagb-image--layout-default wp-block-uagb-image--effect-static wp-block-uagb-image--align-none\"><figure class=\"wp-block-uagb-image__figure\"><img decoding=\"async\" srcset=\"https:\/\/www.donacamaydoncolchon.com\/inicio\/wp-content\/uploads\/2023\/06\/colchon-Sensor.png \" sizes=\"(max-width: 480px) 150px\" src=\"https:\/\/www.donacamaydoncolchon.com\/inicio\/wp-content\/uploads\/2023\/06\/colchon-Sensor.png\" alt=\"\" class=\"uag-image-2691\" width=\"889\" height=\"432\" title=\"\" loading=\"lazy\"\/><\/figure><\/div>\n<\/div>\n\n\n\n<div class=\"wp-block-column is-layout-flow\" style=\"flex-basis:33.33%\">\n<h3 class=\"wp-block-heading has-text-align-center has-ast-global-color-4-color has-text-color has-large-font-size\">Colch\u00f3n Sensor<\/h3>\n\n\n\n<div class=\"wp-block-uagb-info-box uagb-block-85afc45a uagb-infobox__content-wrap  uagb-infobox-icon-above-title uagb-infobox-image-valign-top\"><div class=\"uagb-ifb-content\"><div class=\"uagb-ifb-title-wrap\"><h6 class=\"uagb-ifb-title\"><strong>Colch\u00f3n de 1.00 metro \u00f3 Individual<\/strong><\/h6><\/div><p class=\"uagb-ifb-desc\">Precio: $7,310.00<\/p><div class=\"uagb-ifb-separator\"><\/div><\/div><\/div>\n\n\n\n<div class=\"wp-block-uagb-info-box uagb-block-ff305e3c uagb-infobox__content-wrap  uagb-infobox-icon-above-title uagb-infobox-image-valign-top\"><div class=\"uagb-ifb-content\"><div class=\"uagb-ifb-title-wrap\"><h6 class=\"uagb-ifb-title\">Colch\u00f3n de 1.35 metro \u00f3 matrimonial<\/h6><\/div><p class=\"uagb-ifb-desc\">Precio: $8,590.00<\/p><div class=\"uagb-ifb-separator\"><\/div><\/div><\/div>\n\n\n\n<div class=\"wp-block-uagb-info-box uagb-block-82a6ad86 uagb-infobox__content-wrap  uagb-infobox-icon-above-title uagb-infobox-image-valign-top\"><div class=\"uagb-ifb-content\"><div class=\"uagb-ifb-title-wrap\"><h6 class=\"uagb-ifb-title\">Colch\u00f3n QS<\/h6><\/div><p class=\"uagb-ifb-desc\">Precio: $10,310.00<\/p><div class=\"uagb-ifb-separator\"><\/div><\/div><\/div>\n\n\n\n<div class=\"wp-block-uagb-info-box uagb-block-50fd174b uagb-infobox__content-wrap  uagb-infobox-icon-above-title uagb-infobox-image-valign-top\"><div class=\"uagb-ifb-content\"><div class=\"uagb-ifb-title-wrap\"><h6 class=\"uagb-ifb-title\">Colch\u00f3n KS<\/h6><\/div><p class=\"uagb-ifb-desc\">Precio: $13,870.00<\/p><div class=\"uagb-ifb-separator\"><\/div><\/div><\/div>\n<\/div>\n<\/div>\n\n\n\n<div class=\"wp-block-uagb-separator uagb-block-e9e4cdf6\"><div class=\"wp-block-uagb-separator__inner\" style=\"--my-background-image:\"><\/div><\/div>\n\n\n\n<div class=\"wp-block-columns is-layout-flex wp-container-12\">\n<div class=\"wp-block-column is-layout-flow\" style=\"flex-basis:66.66%\">\n<div class=\"wp-block-uagb-image uagb-block-08b6df87 wp-block-uagb-image--layout-default wp-block-uagb-image--effect-static wp-block-uagb-image--align-none\"><figure class=\"wp-block-uagb-image__figure\"><img decoding=\"async\" srcset=\"https:\/\/www.donacamaydoncolchon.com\/inicio\/wp-content\/uploads\/2023\/06\/Colchon-Brand.png \" sizes=\"(max-width: 480px) 150px\" src=\"https:\/\/www.donacamaydoncolchon.com\/inicio\/wp-content\/uploads\/2023\/06\/Colchon-Brand.png\" alt=\"\" class=\"uag-image-2693\" width=\"550\" height=\"258\" title=\"\" loading=\"lazy\"\/><\/figure><\/div>\n<\/div>\n\n\n\n<div class=\"wp-block-column is-layout-flow\" style=\"flex-basis:33.33%\">\n<h3 class=\"wp-block-heading has-text-align-center has-ast-global-color-4-color has-text-color has-large-font-size\">Colch\u00f3n Brand<\/h3>\n\n\n\n<div class=\"wp-block-uagb-info-box uagb-block-3a3e1eb2 uagb-infobox__content-wrap  uagb-infobox-icon-above-title uagb-infobox-image-valign-top\"><div class=\"uagb-ifb-content\"><div class=\"uagb-ifb-title-wrap\"><h6 class=\"uagb-ifb-title\"><strong>Colch\u00f3n de 1.00 metro \u00f3 Individual<\/strong><\/h6><\/div><p class=\"uagb-ifb-desc\">Precio: $8,140.00<\/p><div class=\"uagb-ifb-separator\"><\/div><\/div><\/div>\n\n\n\n<div class=\"wp-block-uagb-info-box uagb-block-7ab20599 uagb-infobox__content-wrap  uagb-infobox-icon-above-title uagb-infobox-image-valign-top\"><div class=\"uagb-ifb-content\"><div class=\"uagb-ifb-title-wrap\"><h6 class=\"uagb-ifb-title\">Colch\u00f3n de 1.35 metro \u00f3 matrimonial<\/h6><\/div><p class=\"uagb-ifb-desc\">Precio: $9,580.00<\/p><div class=\"uagb-ifb-separator\"><\/div><\/div><\/div>\n\n\n\n<div class=\"wp-block-uagb-info-box uagb-block-9a898bbf uagb-infobox__content-wrap  uagb-infobox-icon-above-title uagb-infobox-image-valign-top\"><div class=\"uagb-ifb-content\"><div class=\"uagb-ifb-title-wrap\"><h6 class=\"uagb-ifb-title\">Colch\u00f3n QS<\/h6><\/div><p class=\"uagb-ifb-desc\">Precio: $11,500.00<\/p><div class=\"uagb-ifb-separator\"><\/div><\/div><\/div>\n\n\n\n<div class=\"wp-block-uagb-info-box uagb-block-38e45ef4 uagb-infobox__content-wrap  uagb-infobox-icon-above-title uagb-infobox-image-valign-top\"><div class=\"uagb-ifb-content\"><div class=\"uagb-ifb-title-wrap\"><h6 class=\"uagb-ifb-title\">Colch\u00f3n KS<\/h6><\/div><p class=\"uagb-ifb-desc\">Precio: $15,440.00<\/p><div class=\"uagb-ifb-separator\"><\/div><\/div><\/div>\n<\/div>\n<\/div>\n\n\n\n<div class=\"wp-block-uagb-separator uagb-block-ad3c390e\"><div class=\"wp-block-uagb-separator__inner\" style=\"--my-background-image:\"><\/div><\/div>\n\n\n\n<div class=\"wp-block-columns is-layout-flex wp-container-15\">\n<div class=\"wp-block-column is-layout-flow\" style=\"flex-basis:66.66%\">\n<div class=\"wp-block-uagb-image uagb-block-7cd6733d wp-block-uagb-image--layout-default wp-block-uagb-image--effect-static wp-block-uagb-image--align-none\"><figure class=\"wp-block-uagb-image__figure\"><img decoding=\"async\" srcset=\"https:\/\/www.donacamaydoncolchon.com\/inicio\/wp-content\/uploads\/2023\/06\/colchon-Ribon.png \" sizes=\"(max-width: 480px) 150px\" src=\"https:\/\/www.donacamaydoncolchon.com\/inicio\/wp-content\/uploads\/2023\/06\/colchon-Ribon.png\" alt=\"\" class=\"uag-image-2695\" width=\"604\" height=\"292\" title=\"\" loading=\"lazy\"\/><\/figure><\/div>\n<\/div>\n\n\n\n<div class=\"wp-block-column is-layout-flow\" style=\"flex-basis:33.33%\">\n<h3 class=\"wp-block-heading has-text-align-center has-ast-global-color-4-color has-text-color has-large-font-size\">Colch\u00f3n rib\u00f3n<\/h3>\n\n\n\n<div class=\"wp-block-uagb-info-box uagb-block-8273b02d uagb-infobox__content-wrap  uagb-infobox-icon-above-title uagb-infobox-image-valign-top\"><div class=\"uagb-ifb-content\"><div class=\"uagb-ifb-title-wrap\"><h6 class=\"uagb-ifb-title\"><strong>Colch\u00f3n de 1.00 metro \u00f3 Individual<\/strong><\/h6><\/div><p class=\"uagb-ifb-desc\">Precio: $4,550.00<\/p><div class=\"uagb-ifb-separator\"><\/div><\/div><\/div>\n\n\n\n<div class=\"wp-block-uagb-info-box uagb-block-3991ac7d uagb-infobox__content-wrap  uagb-infobox-icon-above-title uagb-infobox-image-valign-top\"><div class=\"uagb-ifb-content\"><div class=\"uagb-ifb-title-wrap\"><h6 class=\"uagb-ifb-title\">Colch\u00f3n de 1.35 metro \u00f3 matrimonial<\/h6><\/div><p class=\"uagb-ifb-desc\">Precio: $5,350.00<\/p><div class=\"uagb-ifb-separator\"><\/div><\/div><\/div>\n\n\n\n<div class=\"wp-block-uagb-info-box uagb-block-f05e87b1 uagb-infobox__content-wrap  uagb-infobox-icon-above-title uagb-infobox-image-valign-top\"><div class=\"uagb-ifb-content\"><div class=\"uagb-ifb-title-wrap\"><h6 class=\"uagb-ifb-title\">Colch\u00f3n QS<\/h6><\/div><p class=\"uagb-ifb-desc\">Precio: $6,420.00<\/p><div class=\"uagb-ifb-separator\"><\/div><\/div><\/div>\n\n\n\n<div class=\"wp-block-uagb-info-box uagb-block-146b9fc1 uagb-infobox__content-wrap  uagb-infobox-icon-above-title uagb-infobox-image-valign-top\"><div class=\"uagb-ifb-content\"><div class=\"uagb-ifb-title-wrap\"><h6 class=\"uagb-ifb-title\">Colch\u00f3n KS<\/h6><\/div><p class=\"uagb-ifb-desc\">Precio: $8,870.00<\/p><div class=\"uagb-ifb-separator\"><\/div><\/div><\/div>\n<\/div>\n<\/div>\n\n\n\n<div class=\"wp-block-uagb-separator uagb-block-e4ca6fe3\"><div class=\"wp-block-uagb-separator__inner\" style=\"--my-background-image:\"><\/div><\/div>\n\n\n\n<div class=\"wp-block-columns is-layout-flex wp-container-18\">\n<div class=\"wp-block-column is-layout-flow\" style=\"flex-basis:66.66%\">\n<div class=\"wp-block-uagb-image uagb-block-45f4c1bc wp-block-uagb-image--layout-default wp-block-uagb-image--effect-static wp-block-uagb-image--align-none\"><figure class=\"wp-block-uagb-image__figure\"><img decoding=\"async\" srcset=\"https:\/\/www.donacamaydoncolchon.com\/inicio\/wp-content\/uploads\/2023\/06\/Colchon-Liberty.png \" sizes=\"(max-width: 480px) 150px\" src=\"https:\/\/www.donacamaydoncolchon.com\/inicio\/wp-content\/uploads\/2023\/06\/Colchon-Liberty.png\" alt=\"\" class=\"uag-image-2697\" width=\"601\" height=\"288\" title=\"\" loading=\"lazy\"\/><\/figure><\/div>\n<\/div>\n\n\n\n<div class=\"wp-block-column is-layout-flow\" style=\"flex-basis:33.33%\">\n<h3 class=\"wp-block-heading has-text-align-center has-ast-global-color-4-color has-text-color has-large-font-size\">Colch\u00f3n Liberty<\/h3>\n\n\n\n<div class=\"wp-block-uagb-info-box uagb-block-0c48d633 uagb-infobox__content-wrap  uagb-infobox-icon-above-title uagb-infobox-image-valign-top\"><div class=\"uagb-ifb-content\"><div class=\"uagb-ifb-title-wrap\"><h6 class=\"uagb-ifb-title\"><strong>Colch\u00f3n de 1.00 metro \u00f3 Individual<\/strong><\/h6><\/div><p class=\"uagb-ifb-desc\">Precio: $5,270.00<\/p><div class=\"uagb-ifb-separator\"><\/div><\/div><\/div>\n\n\n\n<div class=\"wp-block-uagb-info-box uagb-block-8dcbca1d uagb-infobox__content-wrap  uagb-infobox-icon-above-title uagb-infobox-image-valign-top\"><div class=\"uagb-ifb-content\"><div class=\"uagb-ifb-title-wrap\"><h6 class=\"uagb-ifb-title\">Colch\u00f3n de 1.35 metro \u00f3 matrimonial<\/h6><\/div><p class=\"uagb-ifb-desc\">Precio: $6,200.00<\/p><div class=\"uagb-ifb-separator\"><\/div><\/div><\/div>\n\n\n\n<div class=\"wp-block-uagb-info-box uagb-block-2d2ae45a uagb-infobox__content-wrap  uagb-infobox-icon-above-title uagb-infobox-image-valign-top\"><div class=\"uagb-ifb-content\"><div class=\"uagb-ifb-title-wrap\"><h6 class=\"uagb-ifb-title\">Colch\u00f3n QS<\/h6><\/div><p class=\"uagb-ifb-desc\">Precio: $7,440.00<\/p><div class=\"uagb-ifb-separator\"><\/div><\/div><\/div>\n\n\n\n<div class=\"wp-block-uagb-info-box uagb-block-a256f041 uagb-infobox__content-wrap  uagb-infobox-icon-above-title uagb-infobox-image-valign-top\"><div class=\"uagb-ifb-content\"><div class=\"uagb-ifb-title-wrap\"><h6 class=\"uagb-ifb-title\">Colch\u00f3n KS<\/h6><\/div><p class=\"uagb-ifb-desc\">Precio: $10,270.00<\/p><div class=\"uagb-ifb-separator\"><\/div><\/div><\/div>\n<\/div>\n<\/div>\n\n\n\n<div class=\"wp-block-columns is-layout-flex wp-container-21\">\n<div class=\"wp-block-column is-layout-flow\" style=\"flex-basis:66.66%\">\n<div class=\"wp-block-uagb-image uagb-block-c606f02e wp-block-uagb-image--layout-default wp-block-uagb-image--effect-static wp-block-uagb-image--align-none\"><figure class=\"wp-block-uagb-image__figure\"><img decoding=\"async\" srcset=\"https:\/\/www.donacamaydoncolchon.com\/inicio\/wp-content\/uploads\/2023\/06\/Colchon-Liberty.png \" sizes=\"(max-width: 480px) 150px\" src=\"https:\/\/www.donacamaydoncolchon.com\/inicio\/wp-content\/uploads\/2023\/06\/Colchon-Liberty.png\" alt=\"\" class=\"uag-image-2697\" width=\"601\" height=\"288\" title=\"\" loading=\"lazy\"\/><\/figure><\/div>\n<\/div>\n\n\n\n<div class=\"wp-block-column is-layout-flow\" style=\"flex-basis:33.33%\">\n<h3 class=\"wp-block-heading has-text-align-center has-ast-global-color-4-color has-text-color has-large-font-size\">Colch\u00f3n sweet<\/h3>\n\n\n\n<div class=\"wp-block-uagb-info-box uagb-block-8857ec02 uagb-infobox__content-wrap  uagb-infobox-icon-above-title uagb-infobox-image-valign-top\"><div class=\"uagb-ifb-content\"><div class=\"uagb-ifb-title-wrap\"><h6 class=\"uagb-ifb-title\"><strong>Colch\u00f3n de 1.00 metro \u00f3 Individual<\/strong><\/h6><\/div><p class=\"uagb-ifb-desc\">Precio: $8,270.00<\/p><div class=\"uagb-ifb-separator\"><\/div><\/div><\/div>\n\n\n\n<div class=\"wp-block-uagb-info-box uagb-block-03c6a903 uagb-infobox__content-wrap  uagb-infobox-icon-above-title uagb-infobox-image-valign-top\"><div class=\"uagb-ifb-content\"><div class=\"uagb-ifb-title-wrap\"><h6 class=\"uagb-ifb-title\">Colch\u00f3n de 1.35 metro \u00f3 matrimonial<\/h6><\/div><p class=\"uagb-ifb-desc\">Precio: $9,730.00<\/p><div class=\"uagb-ifb-separator\"><\/div><\/div><\/div>\n\n\n\n<div class=\"wp-block-uagb-info-box uagb-block-ca936c8c uagb-infobox__content-wrap  uagb-infobox-icon-above-title uagb-infobox-image-valign-top\"><div class=\"uagb-ifb-content\"><div class=\"uagb-ifb-title-wrap\"><h6 class=\"uagb-ifb-title\">Colch\u00f3n KS<\/h6><\/div><p class=\"uagb-ifb-desc\">Precio: $16,120.00<\/p><div class=\"uagb-ifb-separator\"><\/div><\/div><\/div>\n<\/div>\n<\/div>\n\n\n\n<div class=\"wp-block-columns is-layout-flex wp-container-24\">\n<div class=\"wp-block-column is-layout-flow\" style=\"flex-basis:66.66%\"><\/div>\n\n\n\n<div class=\"wp-block-column is-layout-flow\" style=\"flex-basis:33.33%\">\n<h3 class=\"wp-block-heading has-text-align-center has-ast-global-color-4-color has-text-color has-large-font-size\">Colch\u00f3n Kingston<\/h3>\n\n\n\n<div class=\"wp-block-uagb-info-box uagb-block-b09406c5 uagb-infobox__content-wrap  uagb-infobox-icon-above-title uagb-infobox-image-valign-top\"><div class=\"uagb-ifb-content\"><div class=\"uagb-ifb-title-wrap\"><h6 class=\"uagb-ifb-title\">Colch\u00f3n de 1.35 metro \u00f3 matrimonial<\/h6><\/div><p class=\"uagb-ifb-desc\">Precio: $9,730.00<\/p><div class=\"uagb-ifb-separator\"><\/div><\/div><\/div>\n<\/div>\n<\/div>\n","protected":false},"excerpt":{"rendered":"<p>Colch\u00f3n gabBana Colch\u00f3n Silver Colch\u00f3n Sensor Colch\u00f3n Brand Colch\u00f3n rib\u00f3n Colch\u00f3n Liberty Colch\u00f3n sweet Colch\u00f3n Kingston<\/p>\n","protected":false},"author":1,"featured_media":0,"parent":0,"menu_order":0,"comment_status":"closed","ping_status":"closed","template":"","meta":{"_uag_custom_page_level_css":"","site-sidebar-layout":"default","site-content-layout":"default","ast-global-header-display":"","ast-banner-title-visibility":"","ast-main-header-display":"","ast-hfb-above-header-display":"","ast-hfb-below-header-display":"","ast-hfb-mobile-header-display":"","site-post-title":"disabled","ast-breadcrumbs-content":"","ast-featured-img":"","footer-sml-layout":"","theme-transparent-header-meta":"","adv-header-id-meta":"","stick-header-meta":"","header-above-stick-meta":"","header-main-stick-meta":"","header-below-stick-meta":""},"uagb_featured_image_src":{"full":false,"thumbnail":false,"medium":false,"medium_large":false,"large":false,"1536x1536":false,"2048x2048":false},"uagb_author_info":{"display_name":"admin","author_link":"https:\/\/www.donacamaydoncolchon.com\/inicio\/author\/admin\/"},"uagb_comment_info":0,"uagb_excerpt":"Colch\u00f3n gabBana Colch\u00f3n Silver Colch\u00f3n Sensor Colch\u00f3n Brand Colch\u00f3n rib\u00f3n Colch\u00f3n Liberty Colch\u00f3n sweet Colch\u00f3n Kingston","_links":{"self":[{"href":"https:\/\/www.donacamaydoncolchon.com\/inicio\/wp-json\/wp\/v2\/pages\/1655"}],"collection":[{"href":"https:\/\/www.donacamaydoncolchon.com\/inicio\/wp-json\/wp\/v2\/pages"}],"about":[{"href":"https:\/\/www.donacamaydoncolchon.com\/inicio\/wp-json\/wp\/v2\/types\/page"}],"author":[{"embeddable":true,"href":"https:\/\/www.donacamaydoncolchon.com\/inicio\/wp-json\/wp\/v2\/users\/1"}],"replies":[{"embeddable":true,"href":"https:\/\/www.donacamaydoncolchon.com\/inicio\/wp-json\/wp\/v2\/comments?post=1655"}],"version-history":[{"count":30,"href":"https:\/\/www.donacamaydoncolchon.com\/inicio\/wp-json\/wp\/v2\/pages\/1655\/revisions"}],"predecessor-version":[{"id":3126,"href":"https:\/\/www.donacamaydoncolchon.com\/inicio\/wp-json\/wp\/v2\/pages\/1655\/revisions\/3126"}],"wp:attachment":[{"href":"https:\/\/www.donacamaydoncolchon.com\/inicio\/wp-json\/wp\/v2\/media?parent=1655"}],"curies":[{"name":"wp","href":"https:\/\/api.w.org\/{rel}","templated":true}]}}